o base 4.
30332
What is -211110 (base 4) in base 3?
-10021110
-1110110111000 (base 2) to base 3
-101102210
-3a (base 16) to base 8
-72
Convert -817 (base 9) to base 4.
-22120
What is ab (base 16) in base 2?
10101011
What is 71713 (base 8) in base 4?
13033023
Convert -116427 (base 8) to base 14.
-10927
What is 18c0 (base 14) in base 6?
32424
Convert -10001000 (base 2) to base 12.
-b4
11506 (base 10) to base 2
10110011110010
11000120 (base 3) to base 10
2931
What is 1c93 (base 15) in base 16?
1845
Convert -40d (base 16) to base 13.
-61a
Convert -6206 (base 8) to base 11.
-2455
Convert -456 (base 13) to base 14.
-3b5
Convert 29b1 (base 15) to base 14.
3389
1101 (base 4) to base 15
56
What is 42 (base 12) in base 8?
62
Convert 1331321 (base 4) to base 5.
224212
What is -162 (base 16) in base 6?
-1350
Convert -3551 (base 6) to base 5.
-11414
3665 (base 15) to base 3
120212112
-11101031 (base 4) to base 6
-243525
-388 (base 9) to base 7
-641
76743 (base 10) to base 12
384b3
Convert -434 (base 6) to base 8.
-246
111010010000011 (base 2) to base 13
10765
What is -c47 (base 16) in base 2?
-110001000111
-1224 (base 12) to base 8
-3774
What is -1ca3 (base 15) in base 10?
-6228
Convert -1a77 (base 13) to base 16.
-f91
What is -5017 (base 14) in base 10?
-13741
Convert -1121020012 (base 3) to base 14.
-b6b0
Convert -763 (base 15) to base 3.
-2021210
Convert 457 (base 12) to base 16.
283
Convert -116 (base 12) to base 10.
-162
-30100013 (base 4) to base 13
-19ac3
What is 9b (base 12) in base 4?
1313
-1000011111 (base 2) to base 13
-32a
What is -1201 (base 9) in base 6?
-4044
Convert 103043 (base 7) to base 2.
100010111001011
What is -11101101001100 (base 2) in base 6?
-154140
4b42 (base 16) to base 6
225110
What is -47005 (base 11) in base 7?
-401630
Convert 314243 (base 5) to base 16.
294d
What is -32241 (base 5) in base 11?
-1717
-418 (base 10) to base 7
-1135
Convert -43a3 (base 13) to base 10.
-9428
11111112 (base 3) to base 15
e8b
Convert -1001020 (base 3) to base 4.
-23322
What is 120111 (base 3) in base 4?
12202
What is -125 (base 15) in base 8?
-404
-74344 (base 8) to base 5
-1442243
Convert -2424 (base 12) to base 8.
-7734
Convert -7634 (base 9) to base 4.
-1113310
Convert 9929 (base 11) to base 14.
4ab9
958 (base 14) to base 10
1842
What is -63 (base 15) in base 4?
-1131
Convert -3118 (base 11) to base 10.
-4133
What is -130442 (base 6) in base 3?
-121020022
What is 5 (base 8) in base 14?
5
21112000 (base 3) to base 13
2658
What is 1000001100000000 (base 2) in base 14?
c316
-203 (base 4) to base 13
-29
What is -1d35 (base 14) in base 9?
-7282
1a6 (base 15) to base 8
575
What is -1322 (base 8) in base 9?
-882
What is 668b (base 13) in base 15?
4391
Convert -2303301 (base 4) to base 3.
-120210010
Convert -4043 (base 5) to base 13.
-313
Convert 204041 (base 5) to base 13.
310b
What is 3964 (base 14) in base 15?
2ec4
Convert 58a (base 12) to base 16.
33a
What is -12454 (base 10) in base 15?
-3a54
606 (base 8) to base 3
112110
Convert -12201001 (base 3) to base 5.
-113114
-1157a (base 13) to base 7
-161301
-3111 (base 5) to base 15
-1c1
What is 5812 (base 10) in base 9?
7867
230 (base 13) to base 9
458
8671 (base 10) to base 9
12804
What is 34321 (base 6) in base 16?
1309
Convert 3104 (base 6) to base 5.
10223
Convert -5550 (base 6) to base 5.
-20130
Convert 163700 (base 8) to base 13.
21009
340043 (base 6) to base 13
ccb4
Convert -1197 (base 13) to base 8.
-4672
-1488 (base 10) to base 15
-693
What is 112200 (base 3) in base 14?
204
What is 310442 (base 5) in base 15?
2eec
What is 441 (base 7) in base 6?
1013
What is a109 (base 14) in base 4?
12233331
What is -2024 (base 8) in base 16?
-414
Convert -1a97 (base 12) to base 6.
-23111
Convert -112102202 (base 3) to base 16.
-291b
What is 4136 (base 7) in base 14?
756
Convert 100100110010001 (base 2) to base 15.
58a8
-38719 (base 10) to base 11
-270aa
128 (base 9) to base 12
8b
1d9c (base 14) to base 7
21555
4043 (base 9) to base 7
11421
What is 27064 (base 9) in base 5?
1041113
Convert -12200101 (base 3) to base 15.
-1361
Convert 39ba (base 15) to base 5.
343300
Convert 30233 (base 5) to base 11.
1507
What is -7b (base 14) in base 2?
-1101101
877c (base 16) to base 14
c8d6
-758 (base 13) to base 10
-1256
-2200 (base 3) to base 11
-66
23022010 (base 4) to base 13
17a55
What is -11101000100 (base 2) in base 13?
-b01
4a2 (base 16) to base 14
60a
Convert 1 (base 4) to base 13.
1
Convert -521 (base 13) to base 9.
-1168
-173 (base 16) to base 10
-371
What is -195b (base 13) in base 14?
-1550
What is 607 (base 16) in base 11?
1183
Convert 22120122 (base 3) to base 15.
1cbe
aa02 (base 11) to base 15
4482
180b (base 12) to base 8
5513
Convert 15036 (base 10) to base 5.
440121
-ae1 (base 16) to base 6
-20521
Convert -136b (base 16) to base 9.
-6733
Convert -3803 (base 9) to base 2.
-101100010110
What is -1824 (base 10) in base 3?
-2111120
What is -3420 (base 5) in base 3?
-122222
Convert -3b6 (base 15) to base 6.
-3530
Convert -1212002 (base 3) to base 12.
-948
What is -90c (base 14) in base 6?
-12120
Convert -57 (base 11) to base 14.
-46
What is 10210 (base 3) in base 7?
204
-11210020 (base 3) to base 8
-6641
622 (base 11) to base 10
750
What is -d66 (base 15) in base 5?
-44041
What is 9357 (base 16) in base 15?
b299
Convert 700 (base 12) to base 14.
520
What is 2849 (base 12) in base 3?
20101210
What is 1253 (base 7) in base 5?
3404
977 (base 11) to base 5
14143
What is -7a0b (base 13) in base 2?
-100001010111000
15b33 (base 12) to base 9
46463
Convert 1766 (base 12) to base 11.
2129
What is -101100000010001 (base 2) in base 15?
-6a30
Convert -7be7 (base 16) to base 10.
-31719
Convert 120210 (base 3) to base 8.
652
What is 120113 (base 4) in base 5?
22214
11023222 (base 4) to base 12
1034a
-4482 (base 11) to base 13
-28b9
11579 (base 12) to base 8
55355
What is -45530 (base 6) in base 14?
-24d8
617 (base 10) to base 9
755
-1220 (base 8) to base 9
-808
-14c47 (base 14) to base 8
-145137
Convert -41321 (base 10) to base 16.
-a169
Convert -112 (base 5) to base 10.
-32
-2223023 (base 4) to base 3
-120000202
Convert 11127 (base 10) to base 12.
6533
Convert 75b (base 12) to base 7.
3101
Convert 1359 (base 10) to base 16.
54f
What is 135514 (base 6) in base 3?
122202001
Convert 2396 (base 16) to base 5.
242420
What is 612 (base 8) in base 13?
244
602 (base 11) to base 16
2d8
Convert -1010101100001 (base 2) to base 15.
-194d
-ac50 (base 13) to base 3
-1020000020
Convert 613 (base 10) to base 13.
382
What is -105223 (base 6) in base 4?
-2023233
What is 1112112110 (base 3) in base 6?
352103
1a7 (base 15) to base 10
382
Convert 10374 (base 10) to base 9.
15206
Convert -185 (base 12) to base 7.
-500
Convert -16530 (base 8) to base 13.
-355b
Convert -12001100 (base 3) to base 2.
-111001100001
What is 582 (base 12) in base 11?
684
Convert -48 (base 9) to base 13.
-35
Convert -2412 (base 5) to base 7.
-1020
What is 1897 (base 15) in base 14?
1d1b
Convert -120222 (base 3) to base 2.
-110101111
28741 (base 11) to base 16
9f76
-54d (base 14) to base 3
-1102212
What is -660 (base 9) in base 3?
-202000
What is a83a (base 14) in base 13?
102c5
Convert -545 (base 6) to base 13.
-131
3130 (base 6) to base 12
4a6
Convert -9740 (base 10) to base 15.
-2d45
What is -21a7 (base 16) in base 10?
-8615
-c83 (base 13) to base 7
-6140
What is 32213 (base 4) in base 6?
4155
What is -11423 (base 7) in base 4?
-232031
132020 (base 4) to base 2
11110001000
What is 8236 (base 10) in base 11?
6208
What is -540523 (base 6) in base 3?
-2020201020
12701 (base 9) to base 2
10000110001011
Convert 7a3d (base 15) to base 10.
25933
1332 (base 7) to base 5
4023
Convert 107c0 (base 15) to base 11.
36399
-50013 (base 8) to base 13
-9433
What is 13581 (base 9) in base 14?
3510
What is 245a (base 11) in base 8?
6213
What is -cac (base 13) in base 2?
-100001111010
Convert 355 (base 12) to base 5.
3442
Convert 1a343 (base 11) to base 9.
42812
135 (base 10) to base 11
113
What is -144330 (base 5) in base 14?
-239d
101132 (base 4) to base 6
5102
What is -5e8 (base 16) in base 9?
-2060
What is -404541 (base 6) in base 8?
-76655
-aa1 (base 13) to base 11
-1406
What is 19837 (base 11) in base 2?
110101111101100
-12212010 (base 3) to base 13
-1c35
Convert 44420 (bas